{"id":3497,"date":"2022-12-21T10:10:25","date_gmt":"2022-12-21T10:10:25","guid":{"rendered":"https:\/\/americaoff.com\/?post_type=product&#038;p=3497"},"modified":"2024-11-19T20:32:14","modified_gmt":"2024-11-19T20:32:14","slug":"bolsa-de-selim-zefal-ultimate-seat-bag-impermeavel","status":"publish","type":"product","link":"https:\/\/americaoff.com\/index.php\/product\/bolsa-de-selim-zefal-ultimate-seat-bag-impermeavel\/","title":{"rendered":"Bolsa De Selim Zefal Ultimate Seat Bag Imperme\u00e1vel"},"content":{"rendered":"<h2 class=\"thin-font\" data-padding=\"5px\">Bolsa De Selim Zefal Ultimate Seat Bag Imperme\u00e1vel<\/h2>\n<h3 class=\"thin-font\" data-padding=\"5px\">Zefal Ultimate Seat Bike Bag &#8211; Voc\u00ea sabe o que \u00e9 melhor do que o padr\u00e3o ou o luxo Ultimate! A melhor experi\u00eancia est\u00e1 aqui.<\/h3>\n<h3 class=\"thin-font\" data-padding=\"5px\">O grande compartimento principal de 6,5 x 3 x 4,5 polegadas armazena facilmente um tubo sobressalente, remendos, alavancas de pneus, ferramentas m\u00faltiplas, chaves, dinheiro, telefone celular e muito mais. Seus tecidos premium resistentes \u00e0s intemp\u00e9ries s\u00e3o incr\u00edveis e garantem a durabilidade.<\/h3>\n<h3 class=\"thin-font\" data-padding=\"5px\">O painel traseiro da bolsa inclui um ponto de fixa\u00e7\u00e3o para luzes de seguran\u00e7a led traseiras. A bolsa tamb\u00e9m possui tiras r\u00e1pidas de velcro que facilitam a remo\u00e7\u00e3o da bolsa quando necess\u00e1rio. \u00c9 hora de alcan\u00e7ar seu potencial m\u00e1ximo e partir para a melhor jornada de sua vida.<\/h3>\n<h3 class=\"thin-font\" data-padding=\"5px\">Zefal Ultimate Seat Bike Bag (montagem universal, sem ferramentas necess\u00e1rias, armazenamento superdimensionado):<\/h3>\n<h3 class=\"thin-font\" data-padding=\"5px\">Armazenamento superdimensionado<\/h3>\n<h3 class=\"thin-font\" data-padding=\"5px\">Tecidos premium<\/h3>\n<h3 class=\"thin-font\" data-padding=\"5px\">Material resistente \u00e0s intemp\u00e9ries e z\u00edper<\/h3>\n<h3 class=\"thin-font\" data-padding=\"5px\">R\u00e1pido ligar\/desligar com velcro<\/h3>\n<h3 class=\"thin-font\" data-padding=\"5px\">Montagem universal<\/h3>\n<h3 class=\"thin-font\" data-padding=\"5px\">sem ferramentas<\/h3>\n<h3 class=\"thin-font\" data-padding=\"5px\">Bolsa remov\u00edvel<\/h3>\n<h3 class=\"thin-font\" data-padding=\"5px\">2 bolsos internos pequenos<\/h3>\n<h3 class=\"thin-font\" data-padding=\"5px\">Ponto de fixa\u00e7\u00e3o da luz traseira<\/h3>\n","protected":false},"excerpt":{"rendered":"<h3 class=\"thin-font\" data-padding=\"5px\">Seus tecidos premium resistentes \u00e0s intemp\u00e9ries s\u00e3o incr\u00edveis e garantem a durabilidade, Zefal Ultimate Seat Bike Bag &#8211; Voc\u00ea sabe o que \u00e9 melhor do que o padr\u00e3o ou o luxo Ultimate! A melhor experi\u00eancia est\u00e1 aqui.<\/h3>\n","protected":false},"featured_media":7760,"comment_status":"open","ping_status":"closed","template":"","meta":[],"product_cat":[112,71,96],"product_tag":[],"class_list":{"0":"post-3497","1":"product","2":"type-product","3":"status-publish","4":"has-post-thumbnail","6":"product_cat-acessorios-bike","7":"product_cat-bicicleta","8":"product_cat-esporte","10":"first","11":"instock","12":"sale","13":"shipping-taxable","14":"purchasable","15":"product-type-simple"},"_links":{"self":[{"href":"https:\/\/americaoff.com\/index.php\/wp-json\/wp\/v2\/product\/3497","targetHints":{"allow":["GET"]}}],"collection":[{"href":"https:\/\/americaoff.com\/index.php\/wp-json\/wp\/v2\/product"}],"about":[{"href":"https:\/\/americaoff.com\/index.php\/wp-json\/wp\/v2\/types\/product"}],"replies":[{"embeddable":true,"href":"https:\/\/americaoff.com\/index.php\/wp-json\/wp\/v2\/comments?post=3497"}],"wp:featuredmedia":[{"embeddable":true,"href":"https:\/\/americaoff.com\/index.php\/wp-json\/wp\/v2\/media\/7760"}],"wp:attachment":[{"href":"https:\/\/americaoff.com\/index.php\/wp-json\/wp\/v2\/media?parent=3497"}],"wp:term":[{"taxonomy":"product_cat","embeddable":true,"href":"https:\/\/americaoff.com\/index.php\/wp-json\/wp\/v2\/product_cat?post=3497"},{"taxonomy":"product_tag","embeddable":true,"href":"https:\/\/americaoff.com\/index.php\/wp-json\/wp\/v2\/product_tag?post=3497"}],"curies":[{"name":"wp","href":"https:\/\/api.w.org\/{rel}","templated":true}]}}