{"id":3547,"date":"2022-12-22T17:20:44","date_gmt":"2022-12-22T17:20:44","guid":{"rendered":"https:\/\/americaoff.com\/?post_type=product&#038;p=3547"},"modified":"2024-11-19T20:32:16","modified_gmt":"2024-11-19T20:32:16","slug":"bulova-marine-star-98b127","status":"publish","type":"product","link":"https:\/\/americaoff.com\/index.php\/product\/bulova-marine-star-98b127\/","title":{"rendered":"Bulova Marine Star 98b127"},"content":{"rendered":"<h2 class=\"thin-font\" data-padding=\"5px\">Bulova Marine Star 98b127<\/h2>\n<h3 class=\"thin-font\" data-padding=\"5px\">Da cole\u00e7\u00e3o Marine Star.<br \/>\nCron\u00f3grafo de alto desempenho em a\u00e7o inoxid\u00e1vel, mostrador com padr\u00e3o preto, ponteiros luminosos, calend\u00e1rio, segunda m\u00e3o, cristal mineral, parafuso traseiro e pulseira de borracha preta.<br \/>\nMovimento: Cron\u00f3grafo, Calend\u00e1rio<br \/>\nDi\u00e2metro da caixa: 44 mm<br \/>\nResistente \u00e0 \u00e1gua at\u00e9 100 m (330 p\u00e9s)<\/h3>\n","protected":false},"excerpt":{"rendered":"<h3 class=\"thin-font\" data-padding=\"5px\">Bulova Marine Star 98b127 com cron\u00f3grafo de alto desempenho em a\u00e7o inoxid\u00e1vel, mostrador com padr\u00e3o preto, ponteiros luminosos, calend\u00e1rio, cristal mineral, parafuso traseiro e pulseira de borracha preta.<\/h3>\n","protected":false},"featured_media":7791,"comment_status":"open","ping_status":"closed","template":"","meta":[],"product_cat":[119,66,67],"product_tag":[],"class_list":{"0":"post-3547","1":"product","2":"type-product","3":"status-publish","4":"has-post-thumbnail","6":"product_cat-bulova","7":"product_cat-homens","8":"product_cat-relogios","10":"first","11":"instock","12":"sale","13":"shipping-taxable","14":"purchasable","15":"product-type-simple"},"_links":{"self":[{"href":"https:\/\/americaoff.com\/index.php\/wp-json\/wp\/v2\/product\/3547","targetHints":{"allow":["GET"]}}],"collection":[{"href":"https:\/\/americaoff.com\/index.php\/wp-json\/wp\/v2\/product"}],"about":[{"href":"https:\/\/americaoff.com\/index.php\/wp-json\/wp\/v2\/types\/product"}],"replies":[{"embeddable":true,"href":"https:\/\/americaoff.com\/index.php\/wp-json\/wp\/v2\/comments?post=3547"}],"wp:featuredmedia":[{"embeddable":true,"href":"https:\/\/americaoff.com\/index.php\/wp-json\/wp\/v2\/media\/7791"}],"wp:attachment":[{"href":"https:\/\/americaoff.com\/index.php\/wp-json\/wp\/v2\/media?parent=3547"}],"wp:term":[{"taxonomy":"product_cat","embeddable":true,"href":"https:\/\/americaoff.com\/index.php\/wp-json\/wp\/v2\/product_cat?post=3547"},{"taxonomy":"product_tag","embeddable":true,"href":"https:\/\/americaoff.com\/index.php\/wp-json\/wp\/v2\/product_tag?post=3547"}],"curies":[{"name":"wp","href":"https:\/\/api.w.org\/{rel}","templated":true}]}}