{"id":65,"date":"2021-04-30T17:46:37","date_gmt":"2021-04-30T17:46:37","guid":{"rendered":"https:\/\/americaoff.com\/?post_type=product&#038;p=65"},"modified":"2026-05-03T08:57:48","modified_gmt":"2026-05-03T08:57:48","slug":"relogio-invicta-pro-diver-8926-automatico","status":"publish","type":"product","link":"https:\/\/americaoff.com\/index.php\/product\/relogio-invicta-pro-diver-8926-automatico\/","title":{"rendered":"Rel\u00f3gio Invicta Pro Diver Modelo 8926 OB Autom\u00e1tico"},"content":{"rendered":"<h2>Rel\u00f3gio Invicta Pro Diver Modelo 8926 OB Autom\u00e1tico<\/h2>\n<h3>Rel\u00f3gio masculino Invicta 8926, autom\u00e1tico, prateado, mostrador preto, rel\u00f3gio redondo coroa canelada, mostrador para data, borda unidirecional, e ponteiros luminosos.<br \/>\nCoroa parafusada. Corpo de a\u00e7o inoxid\u00e1vel de 40 mm e mostrador de vidro mineral. Pulseira de a\u00e7o inoxid\u00e1vel com fecho dobr\u00e1vel com trava e resistente \u00e0 \u00e1gua at\u00e9 200 m.<\/h3>\n<h3>Seguindo voc\u00ea para qualquer destino, voc\u00ea viajar\u00e1 a cole\u00e7\u00e3o Pro Diver. Caixa de a\u00e7o inoxid\u00e1vel escovado e polido (40mm de di\u00e2metro 12 de espessura) e pulseira de elos. Mostrador preto com ponteiros e marcadores de horas luminosos. Exibi\u00e7\u00e3o de data conveniente na terceira hora ampliada para facilitar a leitura. O cristal Invicta Flame Fusion protege o movimento autom\u00e1tico preciso. Resistente \u00e0 \u00e1gua at\u00e9 200 metros com caixa aparafusada e coroa.<\/h3>\n<h3>Grande, ousado e masculino, o rel\u00f3gio Invicta Men&#8217;s Pro Diver Automatic \u00e9 um rel\u00f3gio de luxo acess\u00edvel com caracter\u00edsticas de estilo cl\u00e1ssico.\u00a0Este rel\u00f3gio masculino com constru\u00e7\u00e3o precisa apresenta uma caixa de a\u00e7o inoxid\u00e1vel s\u00f3lido com 40 mm de largura (1,57 polegadas).\u00a0Ele tem uma face preta com ponteiros e marcadores luminosos Tritnite e uma luneta preta unidirecional com numerais e marca\u00e7\u00f5es brancas.\u00a0Outros recursos incluem cristal mineral anti-reflexo, exibi\u00e7\u00e3o de data \u00e0s 3 horas e resist\u00eancia \u00e0 \u00e1gua at\u00e9 200 metros.\u00a0A banda de a\u00e7o inoxid\u00e1vel apresenta links centrais altamente polidos e \u00e9 presa por um fecho dobr\u00e1vel com seguran\u00e7a.<\/h3>\n<h3><strong>Os rel\u00f3gios autom\u00e1ticos\u00a0n\u00e3o funcionam com baterias.<\/strong><\/h3>\n<h3>Os rel\u00f3gios autom\u00e1ticos s\u00e3o compostos por cerca de 130 ou mais pe\u00e7as que funcionam juntas para marcar as horas.\u00a0Os movimentos autom\u00e1ticos marcam a passagem do tempo por uma s\u00e9rie de mecanismos de engrenagem e s\u00e3o acionados pelo movimento do pulso conforme voc\u00ea o usa.\u00a0O trem de engrenagens ent\u00e3o transmite a for\u00e7a para o escapamento, que distribui os impulsos, girando a roda do balan\u00e7o.\u00a0A roda do balan\u00e7o \u00e9 o \u00f3rg\u00e3o regulador do tempo de um rel\u00f3gio mec\u00e2nico, que vibra em uma mola espiral.\u00a0Alongar ou encurtar a mola de balan\u00e7o faz com que o volante v\u00e1 mais r\u00e1pido ou mais devagar para avan\u00e7ar ou retardar o rel\u00f3gio.\u00a0A viagem da roda do balan\u00e7o de um extremo ao outro e vice-versa \u00e9 chamada de oscila\u00e7\u00e3o.\u00a0Por \u00faltimo, os movimentos autom\u00e1ticos v\u00eam em diferentes tipos, incluindo movimentos feitos no Jap\u00e3o e muito mais.<\/h3>\n<h3>Tamb\u00e9m chamados de auto-liquida\u00e7\u00e3o, os rel\u00f3gios com movimentos autom\u00e1ticos utilizam energia cin\u00e9tica, o balan\u00e7o do bra\u00e7o, para fornecer energia a um rotor oscilante para manter o rel\u00f3gio em funcionamento.\u00a0Eles s\u00e3o considerados mais satisfat\u00f3rios para os colecionadores (relojoeiros) por causa da arte da engenharia que envolve as centenas de pe\u00e7as que comp\u00f5em o movimento.\u00a0Se voc\u00ea n\u00e3o usar um rel\u00f3gio autom\u00e1tico de forma consistente (por cerca de 8 a 12 horas por dia), voc\u00ea pode manter o rel\u00f3gio alimentado com um enrolador de rel\u00f3gio (um grande presente para colecionadores).<\/h3>\n<h3><strong>Coroas aparafusadas<\/strong><\/h3>\n<h3>Muitos rel\u00f3gios Invicta s\u00e3o equipados com uma coroa rosqueada para ajudar a prevenir a infiltra\u00e7\u00e3o de \u00e1gua.\u00a0Isso \u00e9 mais comum em nossos modelos Diver.\u00a0Para ajustar a data e \/ ou hora em tal rel\u00f3gio, voc\u00ea deve primeiro desparafusar a coroa antes de pux\u00e1-la suavemente para a posi\u00e7\u00e3o de parada do primeiro ou segundo clique.\u00a0Para fazer isso, simplesmente gire a coroa no sentido anti-hor\u00e1rio at\u00e9 que ela se abra.\u00a0Quando terminar de acertar o rel\u00f3gio, a coroa deve ser empurrada e aparafusada com firmeza.\u00a0<strong>N\u00e3o fazer isso cancelar\u00e1 a resist\u00eancia \u00e0 \u00e1gua do rel\u00f3gio e anular\u00e1 todas as garantias do fabricante.\u00a0<\/strong>No geral, esse processo n\u00e3o deve exigir muito esfor\u00e7o ou for\u00e7a.<\/h3>\n<h3><\/h3>\n<table id=\"technicalSpecifications_section_1\" class=\"a-keyvalue a-spacing-mini\">\n<tbody>\n<tr>\n<th class=\"a-span5 a-size-base\">\n<h3>Modelo<\/h3>\n<\/th>\n<td class=\"a-span7 a-size-base\">\n<h3>INVICTA-8926<\/h3>\n<\/td>\n<\/tr>\n<tr>\n<th class=\"a-span5 a-size-base\">\n<h3>Forma<\/h3>\n<\/th>\n<td class=\"a-span7 a-size-base\">\n<h3>Redondo<\/h3>\n<\/td>\n<\/tr>\n<tr>\n<th class=\"a-span5 a-size-base\">\n<h3>Tipo de tela ou mostrador<\/h3>\n<\/th>\n<td class=\"a-span7 a-size-base\">\n<h3>Anal\u00f3gico<\/h3>\n<\/td>\n<\/tr>\n<tr>\n<th class=\"a-span5 a-size-base\">\n<h3>Fecho<\/h3>\n<\/th>\n<td class=\"a-span7 a-size-base\">\n<h3>Fecho dobr\u00e1vel com seguran\u00e7a<\/h3>\n<\/td>\n<\/tr>\n<tr>\n<th class=\"a-span5 a-size-base\">\n<h3>Material da caixa<\/h3>\n<\/th>\n<td class=\"a-span7 a-size-base\">\n<h3>A\u00e7o inoxid\u00e1vel<\/h3>\n<\/td>\n<\/tr>\n<tr>\n<th class=\"a-span5 a-size-base\">\n<h3>Di\u00e2metro da caixa<\/h3>\n<\/th>\n<td class=\"a-span7 a-size-base\">\n<h3>40 mil\u00edmetros<\/h3>\n<\/td>\n<\/tr>\n<tr>\n<th class=\"a-span5 a-size-base\">\n<h3>Espessura da caixa<\/h3>\n<\/th>\n<td class=\"a-span7 a-size-base\">\n<h3>13 mil\u00edmetros<\/h3>\n<\/td>\n<\/tr>\n<tr>\n<th class=\"a-span5 a-size-base\">\n<h3>Material da faixa, pulseira ou tira<\/h3>\n<\/th>\n<td class=\"a-span7 a-size-base\">\n<h3>A\u00e7o inoxid\u00e1vel<\/h3>\n<\/td>\n<\/tr>\n<\/tbody>\n<\/table>\n","protected":false},"excerpt":{"rendered":"<h3>Rel\u00f3gio masculino Invicta 8926OB, autom\u00e1tico, prateado, mostrador preto, rel\u00f3gio redondo coroa canelada, mostrador para data, borda unidirecional, e ponteiros luminosos.<\/h3>\n","protected":false},"featured_media":7494,"comment_status":"open","ping_status":"closed","template":"","meta":[],"product_cat":[66,68,69,67],"product_tag":[51,52,53,54,55],"class_list":{"0":"post-65","1":"product","2":"type-product","3":"status-publish","4":"has-post-thumbnail","6":"product_cat-homens","7":"product_cat-invicta","8":"product_cat-masculino","9":"product_cat-relogios","10":"product_tag-invicta","11":"product_tag-masculino","12":"product_tag-prata","13":"product_tag-preto","14":"product_tag-pro-diver","16":"first","17":"instock","18":"sale","19":"shipping-taxable","20":"purchasable","21":"product-type-simple"},"_links":{"self":[{"href":"https:\/\/americaoff.com\/index.php\/wp-json\/wp\/v2\/product\/65","targetHints":{"allow":["GET"]}}],"collection":[{"href":"https:\/\/americaoff.com\/index.php\/wp-json\/wp\/v2\/product"}],"about":[{"href":"https:\/\/americaoff.com\/index.php\/wp-json\/wp\/v2\/types\/product"}],"replies":[{"embeddable":true,"href":"https:\/\/americaoff.com\/index.php\/wp-json\/wp\/v2\/comments?post=65"}],"wp:featuredmedia":[{"embeddable":true,"href":"https:\/\/americaoff.com\/index.php\/wp-json\/wp\/v2\/media\/7494"}],"wp:attachment":[{"href":"https:\/\/americaoff.com\/index.php\/wp-json\/wp\/v2\/media?parent=65"}],"wp:term":[{"taxonomy":"product_cat","embeddable":true,"href":"https:\/\/americaoff.com\/index.php\/wp-json\/wp\/v2\/product_cat?post=65"},{"taxonomy":"product_tag","embeddable":true,"href":"https:\/\/americaoff.com\/index.php\/wp-json\/wp\/v2\/product_tag?post=65"}],"curies":[{"name":"wp","href":"https:\/\/api.w.org\/{rel}","templated":true}]}}