{"id":88,"date":"2021-05-03T12:38:53","date_gmt":"2021-05-03T12:38:53","guid":{"rendered":"https:\/\/americaoff.com\/?post_type=product&#038;p=88"},"modified":"2026-04-10T19:12:33","modified_gmt":"2026-04-10T19:12:33","slug":"relogio-invicta-pro-diver-modelo-8927-dourado-preto","status":"publish","type":"product","link":"https:\/\/americaoff.com\/index.php\/product\/relogio-invicta-pro-diver-modelo-8927-dourado-preto\/","title":{"rendered":"Rel\u00f3gio Invicta Pro Diver Modelo 8927 Dourado\/Preto"},"content":{"rendered":"<h2>Rel\u00f3gio Invicta Pro Diver Modelo 8927 Dourado e Preto<\/h2>\n<ul>\n<li>\n<h3>Esse rel\u00f3gio o seguir\u00e1 para qualquer destino que voc\u00ea for com a cole\u00e7\u00e3o Pro Diver.<\/h3>\n<\/li>\n<li>\n<h3>Caixa de a\u00e7o inoxid\u00e1vel polido e escovado em dois tons (di\u00e2metro de 40\u00a0mm e espessura de 12\u00a0mm) e pulseira.<\/h3>\n<\/li>\n<li>\n<h3>Mostrador preto com ponteiros e marcadores de hora luminosos.<\/h3>\n<\/li>\n<li>\n<h3>Mostrador de data pr\u00e1tico na posi\u00e7\u00e3o da terceira hora, ampliado para facilitar a leitura da hora.<\/h3>\n<\/li>\n<li>\n<h3>O cristal flame fusion da Invicta protege o movimento autom\u00e1tico preciso.<\/h3>\n<\/li>\n<li>\n<h3>Resistente \u00e0 \u00e1gua at\u00e9 200 metros de profundidade por causa do corpo e coroa parafusados.<\/h3>\n<\/li>\n<\/ul>\n<h3>Da cole\u00e7\u00e3o Pro Diver, este rel\u00f3gio Invicta apresenta 21 joias e um elegante revestimento em ouro amarelo 23k.\u00a0Este rel\u00f3gio masculino autom\u00e1tico tem constru\u00e7\u00e3o em a\u00e7o inoxid\u00e1vel, incluindo uma luneta unidirecional, um fecho dobr\u00e1vel com seguran\u00e7a e uma caixa de 43 mil\u00edmetros com um esqueleto aparafusado no fundo.\u00a0O mostrador preto \u00e9 ampliado com uma janela de mostrador de cristal mineral anti-reflexo e apresenta uma exibi\u00e7\u00e3o de data nas tr\u00eas horas e ponteiros e marcadores luminosos Tritnite.\u00a0Este luxuoso rel\u00f3gio de dois tons, resistente a choques, tamb\u00e9m \u00e9 resistente \u00e0 \u00e1gua at\u00e9 660 p\u00e9s.<\/h3>\n<h3><\/h3>\n<h3><b>Cole\u00e7\u00e3o Pro Diver<\/b><\/h3>\n<h3>Mergulhe em qualquer horizonte usando a orienta\u00e7\u00e3o constante do Invicta Pro Diver.\u00a0Com estilo cl\u00e1ssico, os mecanismos internos s\u00e3o forjados com varia\u00e7\u00f5es do cron\u00f3grafo su\u00ed\u00e7o ou dos movimentos autom\u00e1ticos de 21 joias e navegam de boa vontade em profundidades de at\u00e9 300 metros.\u00a0Constru\u00eddo com destreza confiante, a firmeza com que esses rel\u00f3gios funcionam torna o Pro Diver a quintess\u00eancia em desempenho.<\/h3>\n<h3><\/h3>\n<h3><strong>Os rel\u00f3gios autom\u00e1ticos\u00a0n\u00e3o funcionam com baterias.<\/strong><\/h3>\n<h3>Os rel\u00f3gios autom\u00e1ticos s\u00e3o compostos por cerca de 130 ou mais pe\u00e7as que funcionam juntas para marcar as horas.\u00a0Os movimentos autom\u00e1ticos marcam a passagem do tempo por uma s\u00e9rie de mecanismos de engrenagem e s\u00e3o acionados pelo movimento do pulso conforme voc\u00ea o usa.\u00a0O trem de engrenagens ent\u00e3o transmite a for\u00e7a para o escapamento, que distribui os impulsos, girando a roda do balan\u00e7o.\u00a0A roda do balan\u00e7o \u00e9 o \u00f3rg\u00e3o regulador do tempo de um rel\u00f3gio mec\u00e2nico, que vibra em uma mola espiral.\u00a0Alongar ou encurtar a mola de balan\u00e7o faz com que o volante v\u00e1 mais r\u00e1pido ou mais devagar para avan\u00e7ar ou retardar o rel\u00f3gio.\u00a0A viagem da roda do balan\u00e7o de um extremo ao outro e vice-versa \u00e9 chamada de oscila\u00e7\u00e3o.\u00a0Por \u00faltimo, os movimentos autom\u00e1ticos v\u00eam em diferentes tipos, incluindo movimentos feitos no Jap\u00e3o e muito mais.<\/h3>\n<h3>Tamb\u00e9m chamados de auto-liquida\u00e7\u00e3o, os rel\u00f3gios com movimentos autom\u00e1ticos utilizam energia cin\u00e9tica, o balan\u00e7o do bra\u00e7o, para fornecer energia a um rotor oscilante para manter o rel\u00f3gio em funcionamento.\u00a0Eles s\u00e3o considerados mais satisfat\u00f3rios para os colecionadores (relojoeiros) por causa da arte da engenharia que envolve as centenas de pe\u00e7as que comp\u00f5em o movimento.\u00a0Se voc\u00ea n\u00e3o usar um rel\u00f3gio autom\u00e1tico de forma consistente (por cerca de 8 a 12 horas por dia), voc\u00ea pode manter o rel\u00f3gio alimentado com um enrolador de rel\u00f3gio (um grande presente para colecionadores).<\/h3>\n<h3><strong>Coroas aparafusadas<\/strong><\/h3>\n<h3>Muitos rel\u00f3gios Invicta s\u00e3o equipados com uma coroa rosqueada para ajudar a prevenir a infiltra\u00e7\u00e3o de \u00e1gua.\u00a0Isso \u00e9 mais comum em nossos modelos Diver.\u00a0Para ajustar a data e \/ ou hora em tal rel\u00f3gio, voc\u00ea deve primeiro desparafusar a coroa antes de pux\u00e1-la suavemente para a posi\u00e7\u00e3o de parada do primeiro ou segundo clique.\u00a0Para fazer isso, simplesmente gire a coroa no sentido anti-hor\u00e1rio at\u00e9 que ela se abra.\u00a0Quando terminar de acertar o rel\u00f3gio, a coroa deve ser empurrada e aparafusada com firmeza.\u00a0<strong>N\u00e3o fazer isso cancelar\u00e1 a resist\u00eancia \u00e0 \u00e1gua do rel\u00f3gio e anular\u00e1 todas as garantias do fabricante.\u00a0<\/strong>No geral, esse processo n\u00e3o deve exigir muito esfor\u00e7o ou for\u00e7a.<\/h3>\n<table id=\"technicalSpecifications_section_1\" class=\"a-keyvalue a-spacing-mini\">\n<tbody>\n<tr>\n<th class=\"a-span5 a-size-base\">\n<h3>Modelo<\/h3>\n<\/th>\n<td class=\"a-span7 a-size-base\">\n<h3>Invicta-8927<\/h3>\n<\/td>\n<\/tr>\n<tr>\n<th class=\"a-span5 a-size-base\">\n<h3>Tipo de tela ou mostrador<\/h3>\n<\/th>\n<td class=\"a-span7 a-size-base\">\n<h3>Anal\u00f3gico<\/h3>\n<\/td>\n<\/tr>\n<tr>\n<th class=\"a-span5 a-size-base\">\n<h3>Fecho<\/h3>\n<\/th>\n<td class=\"a-span7 a-size-base\">\n<h3>Fecho dobr\u00e1vel com seguran\u00e7a<\/h3>\n<\/td>\n<\/tr>\n<tr>\n<th class=\"a-span5 a-size-base\">\n<h3>Material da caixa<\/h3>\n<\/th>\n<td class=\"a-span7 a-size-base\">\n<h3>a\u00e7o inoxid\u00e1vel de dois tons e banhado a ouro 23k<\/h3>\n<\/td>\n<\/tr>\n<tr>\n<th class=\"a-span5 a-size-base\">\n<h3>Di\u00e2metro da caixa<\/h3>\n<\/th>\n<td class=\"a-span7 a-size-base\">\n<h3>40 mil\u00edmetros<\/h3>\n<\/td>\n<\/tr>\n<tr>\n<th class=\"a-span5 a-size-base\">\n<h3>Espessura da caixa<\/h3>\n<\/th>\n<td class=\"a-span7 a-size-base\">\n<h3>15 mil\u00edmetros<\/h3>\n<\/td>\n<\/tr>\n<tr>\n<th class=\"a-span5 a-size-base\">\n<h3>Material da faixa, pulseira ou tira<\/h3>\n<\/th>\n<td class=\"a-span7 a-size-base\">\n<h3>A\u00e7o inoxid\u00e1vel<\/h3>\n<\/td>\n<\/tr>\n<tr>\n<th class=\"a-span5 a-size-base\">\n<h3>Largura da faixa, pulseira ou tira<\/h3>\n<\/th>\n<td class=\"a-span7 a-size-base\">\n<h3>20 mil\u00edmetros<\/h3>\n<\/td>\n<\/tr>\n<tr>\n<th class=\"a-span5 a-size-base\">\n<h3>Cor da faixa, pulseira ou tira<\/h3>\n<\/th>\n<td class=\"a-span7 a-size-base\">\n<h3>Prata<\/h3>\n<\/td>\n<\/tr>\n<tr>\n<th class=\"a-span5 a-size-base\">\n<h3>Cor do mostrador<\/h3>\n<\/th>\n<td class=\"a-span7 a-size-base\">\n<h3>Preto<\/h3>\n<\/td>\n<\/tr>\n<\/tbody>\n<\/table>\n<p><img fetchpriority=\"high\" decoding=\"async\" class=\"size-full wp-image-128\" src=\"https:\/\/americaeaqui.mbr3.wpdash.com.br\/wp-content\/uploads\/2021\/05\/america-aqui-produtos-americanos-originais-relogios-importados-relogio-invicta-men-pro-diver-banner-home-.jpg\" alt=\"America \u00e9 Aqui - Produtos Originais importados Americanos, Melhores pre\u00e7os, mais barato. Relogio Invicta Men Pro Diver\" width=\"1920\" height=\"498\" \/><\/p>\n","protected":false},"excerpt":{"rendered":"<h3>Da cole\u00e7\u00e3o Pro Driver, este rel\u00f3gio Invicta apresenta 21 joias e um elegante revestimento em ouro amarelo 23k.<\/h3>\n","protected":false},"featured_media":7495,"comment_status":"open","ping_status":"closed","template":"","meta":[],"product_cat":[66,68,69,67],"product_tag":[56,51,52,54,55],"class_list":{"0":"post-88","1":"product","2":"type-product","3":"status-publish","4":"has-post-thumbnail","6":"product_cat-homens","7":"product_cat-invicta","8":"product_cat-masculino","9":"product_cat-relogios","10":"product_tag-dourado","11":"product_tag-invicta","12":"product_tag-masculino","13":"product_tag-preto","14":"product_tag-pro-diver","16":"first","17":"instock","18":"shipping-taxable","19":"purchasable","20":"product-type-simple"},"_links":{"self":[{"href":"https:\/\/americaoff.com\/index.php\/wp-json\/wp\/v2\/product\/88","targetHints":{"allow":["GET"]}}],"collection":[{"href":"https:\/\/americaoff.com\/index.php\/wp-json\/wp\/v2\/product"}],"about":[{"href":"https:\/\/americaoff.com\/index.php\/wp-json\/wp\/v2\/types\/product"}],"replies":[{"embeddable":true,"href":"https:\/\/americaoff.com\/index.php\/wp-json\/wp\/v2\/comments?post=88"}],"wp:featuredmedia":[{"embeddable":true,"href":"https:\/\/americaoff.com\/index.php\/wp-json\/wp\/v2\/media\/7495"}],"wp:attachment":[{"href":"https:\/\/americaoff.com\/index.php\/wp-json\/wp\/v2\/media?parent=88"}],"wp:term":[{"taxonomy":"product_cat","embeddable":true,"href":"https:\/\/americaoff.com\/index.php\/wp-json\/wp\/v2\/product_cat?post=88"},{"taxonomy":"product_tag","embeddable":true,"href":"https:\/\/americaoff.com\/index.php\/wp-json\/wp\/v2\/product_tag?post=88"}],"curies":[{"name":"wp","href":"https:\/\/api.w.org\/{rel}","templated":true}]}}